{"id":196,"date":"2020-10-26T16:08:36","date_gmt":"2020-10-26T16:08:36","guid":{"rendered":"https:\/\/columbarioscristodelavictoria.archimadrid.es\/?page_id=196"},"modified":"2024-10-25T08:53:11","modified_gmt":"2024-10-25T08:53:11","slug":"1-y-2-de-noviembre-2","status":"publish","type":"page","link":"https:\/\/columbarioscristodelavictoria.archimadrid.es\/?page_id=196","title":{"rendered":"1 y 2 de noviembre"},"content":{"rendered":"\n<figure class=\"wp-block-image size-large\"><img loading=\"lazy\" decoding=\"async\" width=\"1024\" height=\"722\" src=\"https:\/\/columbarioscristodelavictoria.archimadrid.es\/wp-content\/uploads\/2021\/10\/Captura-de-pantalla-2021-10-22-a-las-13.27.34-1024x722.png\" alt=\"\" class=\"wp-image-291\" srcset=\"https:\/\/columbarioscristodelavictoria.archimadrid.es\/wp-content\/uploads\/2021\/10\/Captura-de-pantalla-2021-10-22-a-las-13.27.34-1024x722.png 1024w, https:\/\/columbarioscristodelavictoria.archimadrid.es\/wp-content\/uploads\/2021\/10\/Captura-de-pantalla-2021-10-22-a-las-13.27.34-300x211.png 300w, https:\/\/columbarioscristodelavictoria.archimadrid.es\/wp-content\/uploads\/2021\/10\/Captura-de-pantalla-2021-10-22-a-las-13.27.34-768x541.png 768w, https:\/\/columbarioscristodelavictoria.archimadrid.es\/wp-content\/uploads\/2021\/10\/Captura-de-pantalla-2021-10-22-a-las-13.27.34.png 1273w\" sizes=\"auto, (max-width: 706px) 89vw, (max-width: 767px) 82vw, 740px\" \/><\/figure>\n\n\n\n<p><\/p>\n\n\n\n<p class=\"has-text-color has-link-color wp-elements-2909aa2d21e555fff0b3e23120e3ea63\" style=\"color:#bb7623\">INDULGENCIA PLENARIA de esos d\u00edas: <a href=\"https:\/\/columbarioscristodelavictoria.archimadrid.es\/?page_id=200\">pulse aqu\u00ed.<\/a><\/p>\n\n\n\n<p class=\"has-vivid-red-color has-text-color has-link-color wp-elements-3ee5829ec4089c8ac9a90dbdbee5aa64\">ORACIONES POR LOS DIFUNTOS. <a href=\"https:\/\/columbarioscristodelavictoria.archimadrid.es\/?page_id=212\">Pulse aqu\u00ed.<\/a> <\/p>\n\n\n\n<p>Visite nuestros Columbarios Parroquiales <a href=\"https:\/\/columbarioscristodelavictoria.archimadrid.es\">pulsando aqu\u00ed. <\/a><\/p>\n","protected":false},"excerpt":{"rendered":"<p>INDULGENCIA PLENARIA de esos d\u00edas: pulse aqu\u00ed. ORACIONES POR LOS DIFUNTOS. Pulse aqu\u00ed. Visite nuestros Columbarios Parroquiales pulsando aqu\u00ed.<\/p>\n","protected":false},"author":5,"featured_media":0,"parent":0,"menu_order":0,"comment_status":"closed","ping_status":"closed","template":"","meta":{"footnotes":""},"class_list":["post-196","page","type-page","status-publish","hentry"],"jetpack_sharing_enabled":true,"_links":{"self":[{"href":"https:\/\/columbarioscristodelavictoria.archimadrid.es\/index.php?rest_route=\/wp\/v2\/pages\/196","targetHints":{"allow":["GET"]}}],"collection":[{"href":"https:\/\/columbarioscristodelavictoria.archimadrid.es\/index.php?rest_route=\/wp\/v2\/pages"}],"about":[{"href":"https:\/\/columbarioscristodelavictoria.archimadrid.es\/index.php?rest_route=\/wp\/v2\/types\/page"}],"author":[{"embeddable":true,"href":"https:\/\/columbarioscristodelavictoria.archimadrid.es\/index.php?rest_route=\/wp\/v2\/users\/5"}],"replies":[{"embeddable":true,"href":"https:\/\/columbarioscristodelavictoria.archimadrid.es\/index.php?rest_route=%2Fwp%2Fv2%2Fcomments&post=196"}],"version-history":[{"count":12,"href":"https:\/\/columbarioscristodelavictoria.archimadrid.es\/index.php?rest_route=\/wp\/v2\/pages\/196\/revisions"}],"predecessor-version":[{"id":406,"href":"https:\/\/columbarioscristodelavictoria.archimadrid.es\/index.php?rest_route=\/wp\/v2\/pages\/196\/revisions\/406"}],"wp:attachment":[{"href":"https:\/\/columbarioscristodelavictoria.archimadrid.es\/index.php?rest_route=%2Fwp%2Fv2%2Fmedia&parent=196"}],"curies":[{"name":"wp","href":"https:\/\/api.w.org\/{rel}","templated":true}]}}