{"id":43,"date":"2020-04-23T07:41:43","date_gmt":"2020-04-23T07:41:43","guid":{"rendered":"https:\/\/columbarioscristodelavictoria.archimadrid.es\/?page_id=43"},"modified":"2021-12-31T09:28:54","modified_gmt":"2021-12-31T09:28:54","slug":"contacto","status":"publish","type":"page","link":"https:\/\/columbarioscristodelavictoria.archimadrid.es\/?page_id=43","title":{"rendered":"Contacto"},"content":{"rendered":"\n<p class=\"has-text-color has-background\" style=\"background-color:#3eb8ff;color:#f7f7f5\">Direcci\u00f3n:       Blasco de Garay 33,      28015,     Madrid<br><br>Localizaci\u00f3n:&nbsp;<a href=\"https:\/\/www.google.es\/maps\/@40.4340104,-3.7118862,21z?hl=es\">https:\/\/www.google.es\/maps\/@40.4340104,-3.7118862,21z?hl=es<\/a><\/p>\n\n\n\n<p class=\"has-vivid-cyan-blue-background-color has-text-color has-background\" style=\"color:#ffffff\">Tel\u00e9fono y WhatsApp:  669 766 386<\/p>\n\n\n\n<p class=\"has-text-color has-background\" style=\"background-color:#4f77c7;color:#ffffff\">Mail:   columbarioscristodelavictoria@gmail.com<\/p>\n\n\n\n<p class=\"has-very-light-gray-color has-text-color has-background\" style=\"background-color:#4855ac\">TRANSPORTE P\u00daBLICO:<br>\u2014Metro: Arg\u00fcelles (L3,4,6);    Moncloa (L3,6);     Islas Filipinas (L7)<br>\u2014EMT  l\u00edneas 2, 16, 61&nbsp;<\/p>\n\n\n\n<p class=\"has-very-light-gray-background-color has-text-color has-background\" style=\"color:#3c32aa\">Parking p\u00fablico: <a href=\"https:\/\/www.google.es\/maps\/place\/Garaje+Aparcamiento\/@40.4340408,-3.7122506,19.68z\/data=!4m5!3m4!1s0xd42285d4816c597:0x9740d21d9edae1a4!8m2!3d40.434141!4d-3.712477?hl=es\">Fernando el cat\u00f3lico 47<\/a><br>Parking p\u00fablico: <a href=\"https:\/\/www.google.es\/maps\/place\/Parking+Mel%C4%97ndez+Vald%C4%97s\/@40.43296,-3.7114412,19.65z\/data=!4m12!1m6!3m5!1s0xd42285d62b13329:0x503292482df25b42!2sParking+Mel%C4%97ndez+Vald%C4%97s!8m2!3d40.433!4d-3.711318!3m4!1s0xd42285d62b13329:0x503292482df25b42!8m2!3d40.433!4d-3.711318?hl=es\">Menendez Vald\u00e9s 28<\/a>&nbsp;&nbsp;&nbsp;&nbsp;&nbsp;&nbsp;&nbsp;<\/p>\n","protected":false},"excerpt":{"rendered":"<p>Direcci\u00f3n: Blasco de Garay 33, 28015, Madrid Localizaci\u00f3n:&nbsp;https:\/\/www.google.es\/maps\/@40.4340104,-3.7118862,21z?hl=es Tel\u00e9fono y WhatsApp: 669 766 386 Mail: columbarioscristodelavictoria@gmail.com TRANSPORTE P\u00daBLICO:\u2014Metro: Arg\u00fcelles (L3,4,6); Moncloa (L3,6); Islas Filipinas (L7)\u2014EMT l\u00edneas 2, 16, 61&nbsp; Parking p\u00fablico: Fernando el cat\u00f3lico 47Parking p\u00fablico: Menendez Vald\u00e9s 28&nbsp;&nbsp;&nbsp;&nbsp;&nbsp;&nbsp;&nbsp;<\/p>\n","protected":false},"author":4,"featured_media":0,"parent":0,"menu_order":0,"comment_status":"closed","ping_status":"closed","template":"","meta":{"footnotes":""},"class_list":["post-43","page","type-page","status-publish","hentry"],"jetpack_sharing_enabled":true,"_links":{"self":[{"href":"https:\/\/columbarioscristodelavictoria.archimadrid.es\/index.php?rest_route=\/wp\/v2\/pages\/43","targetHints":{"allow":["GET"]}}],"collection":[{"href":"https:\/\/columbarioscristodelavictoria.archimadrid.es\/index.php?rest_route=\/wp\/v2\/pages"}],"about":[{"href":"https:\/\/columbarioscristodelavictoria.archimadrid.es\/index.php?rest_route=\/wp\/v2\/types\/page"}],"author":[{"embeddable":true,"href":"https:\/\/columbarioscristodelavictoria.archimadrid.es\/index.php?rest_route=\/wp\/v2\/users\/4"}],"replies":[{"embeddable":true,"href":"https:\/\/columbarioscristodelavictoria.archimadrid.es\/index.php?rest_route=%2Fwp%2Fv2%2Fcomments&post=43"}],"version-history":[{"count":9,"href":"https:\/\/columbarioscristodelavictoria.archimadrid.es\/index.php?rest_route=\/wp\/v2\/pages\/43\/revisions"}],"predecessor-version":[{"id":324,"href":"https:\/\/columbarioscristodelavictoria.archimadrid.es\/index.php?rest_route=\/wp\/v2\/pages\/43\/revisions\/324"}],"wp:attachment":[{"href":"https:\/\/columbarioscristodelavictoria.archimadrid.es\/index.php?rest_route=%2Fwp%2Fv2%2Fmedia&parent=43"}],"curies":[{"name":"wp","href":"https:\/\/api.w.org\/{rel}","templated":true}]}}